ulate the greatest common divisor of 1 and 223.
1
Calculate the highest common factor of 2250 and 18945.
45
What is the greatest common divisor of 4117528 and 38?
38
Calculate the highest common divisor of 7375972 and 4.
4
What is the highest common divisor of 681844 and 373?
373
Calculate the greatest common factor of 3616 and 1888.
32
What is the greatest common divisor of 33 and 52833?
33
What is the highest common factor of 8697 and 741?
39
What is the highest common factor of 200 and 2888?
8
Calculate the greatest common factor of 894389 and 29.
29
What is the greatest common factor of 1171 and 106?
1
What is the greatest common divisor of 4238 and 815?
163
Calculate the highest common divisor of 398 and 9154.
398
Calculate the greatest common factor of 848899 and 1256.
157
Calculate the highest common divisor of 429 and 49803.
39
Calculate the highest common factor of 224 and 16.
16
What is the greatest common factor of 12521 and 57?
19
What is the highest common factor of 612 and 5270?
34
Calculate the greatest common divisor of 88825 and 5491.
323
Calculate the greatest common factor of 170469 and 2821.
403
Calculate the highest common divisor of 117 and 882.
9
What is the greatest common divisor of 686 and 3862?
2
Calculate the greatest common factor of 4312 and 85712.
88
What is the greatest common factor of 83312 and 20336?
656
What is the greatest common divisor of 656461 and 13?
13
Calculate the greatest common factor of 2893670 and 234.
26
What is the greatest common factor of 96 and 34816?
32
What is the highest common divisor of 6552100 and 200?
100
What is the highest common factor of 28755 and 39?
3
What is the greatest common factor of 353 and 5371601?
353
Calculate the highest common divisor of 774 and 170538.
258
Calculate the greatest common factor of 66108 and 2058.
42
Calculate the highest common factor of 16 and 45176.
8
What is the greatest common factor of 46 and 4309027?
23
What is the highest common divisor of 923 and 2613?
13
Calculate the greatest common factor of 4876664 and 16.
8
What is the highest common factor of 430 and 190705?
215
Calculate the highest common divisor of 1720 and 10955540.
860
What is the greatest common divisor of 6802 and 114?
38
Calculate the greatest common divisor of 1224 and 48456.
72
Calculate the highest common divisor of 1037 and 5307.
61
Calculate the highest common divisor of 61013 and 2516.
629
What is the greatest common divisor of 9065204 and 1318?
1318
What is the greatest common divisor of 12624 and 192?
48
Calculate the greatest common divisor of 143130 and 150.
30
Calculate the greatest common divisor of 16288 and 23923.
509
Calculate the highest common divisor of 35 and 192240.
5
What is the highest common factor of 24 and 57672?
24
What is the highest common divisor of 140514 and 506?
22
Calculate the highest common factor of 4953 and 13081.
127
Calculate the greatest common divisor of 1772089 and 3124.
781
What is the highest common factor of 65586 and 136?
34
What is the highest common factor of 2185 and 34390?
95
Calculate the greatest common divisor of 551 and 247573.
29
What is the greatest common factor of 439086 and 12?
6
Calculate the greatest common factor of 92265 and 375.
15
What is the highest common divisor of 18382 and 909?
101
What is the greatest common divisor of 1474 and 786379?
737
Calculate the highest common divisor of 39015 and 170.
85
What is the greatest common divisor of 56 and 54292?
28
Calculate the highest common divisor of 42 and 185094.
42
Calculate the greatest common factor of 84 and 812.
28
Calculate the greatest common divisor of 592 and 168646.
74
What is the highest common divisor of 369 and 11133?
9
What is the greatest common factor of 501 and 123?
3
Calculate the greatest common divisor of 16 and 112432.
16
What is the highest common divisor of 1454 and 378767?
727
What is the greatest common divisor of 165 and 265518?
33
What is the highest common factor of 61 and 115229?
61
Calculate the highest common divisor of 477927 and 186.
93
What is the highest common divisor of 808 and 1144?
8
What is the highest common divisor of 520 and 60190?
130
What is the greatest common factor of 1463 and 13585?
209
What is the highest common factor of 205 and 6386775?
205
What is the highest common divisor of 4 and 29742?
2
What is the greatest common factor of 552 and 357144?
552
Calculate the highest common divisor of 4005 and 5185.
5
What is the greatest common factor of 39427 and 19049?
443
What is the highest common divisor of 578 and 56933?
289
Calculate the greatest common divisor of 194625 and 10875.
375
Calculate the greatest common divisor of 30576 and 2450.
98
Calculate the greatest common divisor of 30 and 133755.
15
Calculate the highest common factor of 14 and 165144.
14
What is the greatest common factor of 1209400 and 20?
20
Calculate the highest common factor of 660 and 16005.
165
What is the highest common factor of 119004 and 324?
12
What is the greatest common divisor of 252900 and 252?
36
What is the highest common divisor of 144 and 157328?
16
What is the highest common factor of 175 and 1864325?
25
Calculate the highest common factor of 316 and 4187.
79
What is the greatest common factor of 1844 and 13369?
461
Calculate the highest common factor of 483 and 13041.
483
What is the greatest common divisor of 86 and 266729?
43
What is the greatest common factor of 4 and 3532?
4
What is the greatest common factor of 72 and 118242?
18
What is the highest common factor of 7 and 8866508?
7
What is the highest common factor of 1175758 and 19?
19
Calculate the highest common factor of 68 and 1679532.
68
What is the greatest common divisor of 382762 and 1552?
194
What is the greatest common divisor of 13207 and 55357?
281
Calculate the highest common divisor of 348 and 5520.
12
What is the greatest common factor of 13904 and 1328?
16
What is the greatest common factor of 2747 and 469?
67
Calculate the highest common divisor of 48039 and 30351.
201
Calculate the greatest common divisor of 18832 and 1391.
107
Calculate the greatest common divisor of 417921 and 539.
49
Calculate the greatest common factor of 63 and 798588.
63
Calculate the greatest common divisor of 12 and 182868.
12
What is the greatest common factor of 8931 and 46945?
229
What is the greatest common factor of 196253 and 229?
229
What is the highest common divisor of 4944 and 6134268?
1236
What is the highest common divisor of 200 and 14575?
25
What is the greatest common divisor of 533 and 242957?
13
What is the highest common factor of 379 and 67841?
379
Calculate the greatest common divisor of 1357 and 78529.
59
What is the greatest common divisor of 693 and 132237?
63
Calculate the highest common divisor of 14826 and 105.
21
Calculate the greatest common divisor of 350091 and 504.
63
What is the greatest common divisor of 33 and 2229832?
11
Calculate the greatest common factor of 218375 and 4875.
125
What is the greatest common factor of 8 and 107332?
4
What is the greatest common divisor of 456 and 82140?
12
What is the highest common divisor of 55 and 60?
5
What is the greatest common factor of 505188 and 36?
36
Calculate the highest common factor of 754550 and 100.
50
What is the greatest common divisor of 3432 and 57772?
572
What is the greatest common divisor of 4 and 107?
1
Calculate the highest common divisor of 76 and 50065.
19
What is the greatest common divisor of 13962 and 8970?
78
What is the highest common factor of 2592 and 3308?
4
Calculate the highest common divisor of 115 and 188048.
23
Calculate the highest common divisor of 444816 and 108.
36
What is the greatest common divisor of 59995 and 1690?
845
Calculate the greatest common factor of 96 and 471.
3
What is the greatest common divisor of 30739 and 14691?
59
What is the greatest common factor of 25 and 443725?
25
What is the highest common factor of 4550 and 5278?
182
Calculate the highest common factor of 97240 and 20.
20
Calculate the highest common factor of 6 and 9253122.
6
Calculate the highest common divisor of 103180 and 140.
140
What is the greatest common factor of 148364 and 464?
116
What is the greatest common divisor of 5166 and 5670?
126
What is the greatest common factor of 870